[INFO] cloning repository https://github.com/wusyong/slip10
[INFO] running `Command { std: "git" "-c" "credential.helper=" "-c" "credential.helper=/workspace/cargo-home/bin/git-credential-null" "clone" "--bare" "https://github.com/wusyong/slip10" "/workspace/cache/git-repos/https%3A%2F%2Fgithub.com%2Fwusyong%2Fslip10", kill_on_drop: false }`
[INFO] [stderr] Cloning into bare repository '/workspace/cache/git-repos/https%3A%2F%2Fgithub.com%2Fwusyong%2Fslip10'...
[INFO] running `Command { std: "git" "rev-parse" "HEAD", kill_on_drop: false }`
[INFO] [stdout] 51213033754b465229514b6a70a3108cdc792c5c
[INFO] building wusyong/slip10 against master#881c1ac408d93bb7adaa3a51dabab9266e82eee8 for issue-85264
[INFO] running `Command { std: "git" "clone" "/workspace/cache/git-repos/https%3A%2F%2Fgithub.com%2Fwusyong%2Fslip10" "/workspace/builds/worker-0/source", kill_on_drop: false }`
[INFO] [stderr] Cloning into '/workspace/builds/worker-0/source'...
[INFO] [stderr] done.
[INFO] validating manifest of git repo https://github.com/wusyong/slip10 on toolchain 881c1ac408d93bb7adaa3a51dabab9266e82eee8
[INFO] running `Command { std: "/workspace/cargo-home/bin/cargo" "+881c1ac408d93bb7adaa3a51dabab9266e82eee8" "metadata" "--manifest-path" "Cargo.toml" "--no-deps", kill_on_drop: false }`
[INFO] started tweaking git repo https://github.com/wusyong/slip10
[INFO] finished tweaking git repo https://github.com/wusyong/slip10
[INFO] tweaked toml for git repo https://github.com/wusyong/slip10 written to /workspace/builds/worker-0/source/Cargo.toml
[INFO] running `Command { std: "/workspace/cargo-home/bin/cargo" "+881c1ac408d93bb7adaa3a51dabab9266e82eee8" "generate-lockfile" "--manifest-path" "Cargo.toml" "-Zno-index-update", kill_on_drop: false }`
[INFO] running `Command { std: "/workspace/cargo-home/bin/cargo" "+881c1ac408d93bb7adaa3a51dabab9266e82eee8" "fetch" "--manifest-path" "Cargo.toml", kill_on_drop: false }`
[INFO] [stderr]  Downloading crates ...
[INFO] [stderr]   Downloaded curve25519-dalek v3.1.0
[INFO] [stderr]   Downloaded zeroize v1.3.0
[INFO] [stderr]   Downloaded ed25519 v1.1.1
[INFO] [stderr]   Downloaded zeroize_derive v1.1.0
[INFO] running `Command { std: "docker" "create" "-v" "/var/lib/crater-agent-workspace/builds/worker-0/target:/opt/rustwide/target:rw,Z" "-v" "/var/lib/crater-agent-workspace/builds/worker-0/source:/opt/rustwide/workdir:ro,Z" "-v" "/var/lib/crater-agent-workspace/cargo-home:/opt/rustwide/cargo-home:ro,Z" "-v" "/var/lib/crater-agent-workspace/rustup-home:/opt/rustwide/rustup-home:ro,Z" "-e" "SOURCE_DIR=/opt/rustwide/workdir" "-e" "CARGO_TARGET_DIR=/opt/rustwide/target" "-e" "CARGO_HOME=/opt/rustwide/cargo-home" "-e" "RUSTUP_HOME=/opt/rustwide/rustup-home" "-w" "/opt/rustwide/workdir" "-m" "1610612736" "--user" "0:0" "--network" "none" "ghcr.io/rust-lang/crates-build-env/linux@sha256:20528e8c29e4536546f0102ce88568b16ea7538393a33fcca951030f7af10457" "/opt/rustwide/cargo-home/bin/cargo" "+881c1ac408d93bb7adaa3a51dabab9266e82eee8" "metadata" "--no-deps" "--format-version=1", kill_on_drop: false }`
[INFO] [stdout] 0e11a2f7057ea1eaaef4186dac6eccc02cb55980150bc1893eaa7b5ba6af0b4a
[INFO] [stderr] WARNING: Your kernel does not support swap limit capabilities or the cgroup is not mounted. Memory limited without swap.
[INFO] running `Command { std: "docker" "start" "-a" "0e11a2f7057ea1eaaef4186dac6eccc02cb55980150bc1893eaa7b5ba6af0b4a", kill_on_drop: false }`
[INFO] running `Command { std: "docker" "inspect" "0e11a2f7057ea1eaaef4186dac6eccc02cb55980150bc1893eaa7b5ba6af0b4a", kill_on_drop: false }`
[INFO] running `Command { std: "docker" "rm" "-f" "0e11a2f7057ea1eaaef4186dac6eccc02cb55980150bc1893eaa7b5ba6af0b4a", kill_on_drop: false }`
[INFO] [stdout] 0e11a2f7057ea1eaaef4186dac6eccc02cb55980150bc1893eaa7b5ba6af0b4a
[INFO] running `Command { std: "docker" "create" "-v" "/var/lib/crater-agent-workspace/builds/worker-0/target:/opt/rustwide/target:rw,Z" "-v" "/var/lib/crater-agent-workspace/builds/worker-0/source:/opt/rustwide/workdir:ro,Z" "-v" "/var/lib/crater-agent-workspace/cargo-home:/opt/rustwide/cargo-home:ro,Z" "-v" "/var/lib/crater-agent-workspace/rustup-home:/opt/rustwide/rustup-home:ro,Z" "-e" "SOURCE_DIR=/opt/rustwide/workdir" "-e" "CARGO_TARGET_DIR=/opt/rustwide/target" "-e" "CARGO_INCREMENTAL=0" "-e" "RUST_BACKTRACE=full" "-e" "RUSTFLAGS=--cap-lints=forbid" "-e" "CARGO_HOME=/opt/rustwide/cargo-home" "-e" "RUSTUP_HOME=/opt/rustwide/rustup-home" "-w" "/opt/rustwide/workdir" "-m" "1610612736" "--user" "0:0" "--network" "none" "ghcr.io/rust-lang/crates-build-env/linux@sha256:20528e8c29e4536546f0102ce88568b16ea7538393a33fcca951030f7af10457" "/opt/rustwide/cargo-home/bin/cargo" "+881c1ac408d93bb7adaa3a51dabab9266e82eee8" "build" "--frozen" "--message-format=json", kill_on_drop: false }`
[INFO] [stdout] 8b6524b7d76f24219e994a8cb7f45531a480a302ab007ce34b30b7363ce8e5cb
[INFO] [stderr] WARNING: Your kernel does not support swap limit capabilities or the cgroup is not mounted. Memory limited without swap.
[INFO] running `Command { std: "docker" "start" "-a" "8b6524b7d76f24219e994a8cb7f45531a480a302ab007ce34b30b7363ce8e5cb", kill_on_drop: false }`
[INFO] [stderr]    Compiling version_check v0.9.3
[INFO] [stderr]    Compiling proc-macro2 v1.0.27
[INFO] [stderr]    Compiling syn v1.0.72
[INFO] [stderr]    Compiling subtle v2.4.0
[INFO] [stderr]    Compiling cpufeatures v0.1.4
[INFO] [stderr]    Compiling cfg-if v1.0.0
[INFO] [stderr]    Compiling signature v1.3.0
[INFO] [stderr]    Compiling byteorder v1.4.3
[INFO] [stderr]    Compiling rand_core v0.5.1
[INFO] [stderr]    Compiling opaque-debug v0.3.0
[INFO] [stderr]    Compiling typenum v1.13.0
[INFO] [stderr]    Compiling ed25519 v1.1.1
[INFO] [stderr]    Compiling generic-array v0.14.4
[INFO] [stderr]    Compiling quote v1.0.9
[INFO] [stderr]    Compiling digest v0.9.0
[INFO] [stderr]    Compiling block-buffer v0.9.0
[INFO] [stderr]    Compiling crypto-mac v0.9.1
[INFO] [stderr]    Compiling hmac v0.9.0
[INFO] [stderr]    Compiling sha2 v0.9.5
[INFO] [stderr]    Compiling synstructure v0.12.4
[INFO] [stderr]    Compiling zeroize_derive v1.1.0
[INFO] [stderr]    Compiling zeroize v1.3.0
[INFO] [stderr]    Compiling curve25519-dalek v3.1.0
[INFO] [stderr]    Compiling ed25519-dalek v1.0.1
[INFO] [stderr]    Compiling slip10 v0.4.2 (/opt/rustwide/workdir)
[INFO] [stderr]     Finished dev [unoptimized + debuginfo] target(s) in 13.66s
[INFO] running `Command { std: "docker" "inspect" "8b6524b7d76f24219e994a8cb7f45531a480a302ab007ce34b30b7363ce8e5cb", kill_on_drop: false }`
[INFO] running `Command { std: "docker" "rm" "-f" "8b6524b7d76f24219e994a8cb7f45531a480a302ab007ce34b30b7363ce8e5cb", kill_on_drop: false }`
[INFO] [stdout] 8b6524b7d76f24219e994a8cb7f45531a480a302ab007ce34b30b7363ce8e5cb
[INFO] running `Command { std: "docker" "create" "-v" "/var/lib/crater-agent-workspace/builds/worker-0/target:/opt/rustwide/target:rw,Z" "-v" "/var/lib/crater-agent-workspace/builds/worker-0/source:/opt/rustwide/workdir:ro,Z" "-v" "/var/lib/crater-agent-workspace/cargo-home:/opt/rustwide/cargo-home:ro,Z" "-v" "/var/lib/crater-agent-workspace/rustup-home:/opt/rustwide/rustup-home:ro,Z" "-e" "SOURCE_DIR=/opt/rustwide/workdir" "-e" "CARGO_TARGET_DIR=/opt/rustwide/target" "-e" "CARGO_INCREMENTAL=0" "-e" "RUST_BACKTRACE=full" "-e" "RUSTFLAGS=--cap-lints=forbid" "-e" "CARGO_HOME=/opt/rustwide/cargo-home" "-e" "RUSTUP_HOME=/opt/rustwide/rustup-home" "-w" "/opt/rustwide/workdir" "-m" "1610612736" "--user" "0:0" "--network" "none" "ghcr.io/rust-lang/crates-build-env/linux@sha256:20528e8c29e4536546f0102ce88568b16ea7538393a33fcca951030f7af10457" "/opt/rustwide/cargo-home/bin/cargo" "+881c1ac408d93bb7adaa3a51dabab9266e82eee8" "test" "--frozen" "--no-run" "--message-format=json", kill_on_drop: false }`
[INFO] [stdout] b60c7c72095181ad9ca029d14ef310d5581142685f061c3c8b1df2b684942098
[INFO] [stderr] WARNING: Your kernel does not support swap limit capabilities or the cgroup is not mounted. Memory limited without swap.
[INFO] running `Command { std: "docker" "start" "-a" "b60c7c72095181ad9ca029d14ef310d5581142685f061c3c8b1df2b684942098", kill_on_drop: false }`
[INFO] [stderr]    Compiling hex v0.4.3
[INFO] [stderr]    Compiling slip10 v0.4.2 (/opt/rustwide/workdir)
[INFO] [stdout] error[E0599]: no function or associated item named `from_str` found for struct `slip10::BIP32Path` in the current scope
[INFO] [stdout]   --> tests/ed25519.rs:94:36
[INFO] [stdout]    |
[INFO] [stdout] 94 |             let chain = BIP32Path::from_str(chain).unwrap();
[INFO] [stdout]    |                                    ^^^^^^^^ function or associated item not found in `slip10::BIP32Path`
[INFO] [stdout]    |
[INFO] [stdout]    = help: items from traits can only be used if the trait is in scope
[INFO] [stdout] help: the following trait is implemented but not in scope; perhaps add a `use` for it:
[INFO] [stdout]    |
[INFO] [stdout] 1  | use std::str::FromStr;
[INFO] [stdout]    |
[INFO] [stdout] 
[INFO] [stdout] 
[INFO] [stdout] error: aborting due to previous error
[INFO] [stdout] 
[INFO] [stdout] 
[INFO] [stdout] For more information about this error, try `rustc --explain E0599`.
[INFO] [stdout] 
[INFO] [stderr] error: could not compile `slip10`
[INFO] [stderr] 
[INFO] [stderr] To learn more, run the command again with --verbose.
[INFO] [stderr] warning: build failed, waiting for other jobs to finish...
[INFO] [stdout] error[E0599]: no function or associated item named `from_str` found for struct `BIP32Path` in the current scope
[INFO] [stdout]   --> tests/bip32path.rs:77:31
[INFO] [stdout]    |
[INFO] [stdout] 77 |         assert_eq!(BIP32Path::from_str(str).unwrap(), path);
[INFO] [stdout]    |                               ^^^^^^^^ function or associated item not found in `BIP32Path`
[INFO] [stdout]    |
[INFO] [stdout]    = help: items from traits can only be used if the trait is in scope
[INFO] [stdout] help: the following trait is implemented but not in scope; perhaps add a `use` for it:
[INFO] [stdout]    |
[INFO] [stdout] 1  | use std::str::FromStr;
[INFO] [stdout]    |
[INFO] [stdout] 
[INFO] [stdout] 
[INFO] [stdout] error[E0599]: no function or associated item named `from_str` found for struct `BIP32Path` in the current scope
[INFO] [stdout]   --> tests/bip32path.rs:95:28
[INFO] [stdout]    |
[INFO] [stdout] 95 |         assert!(BIP32Path::from_str(i).is_err());
[INFO] [stdout]    |                            ^^^^^^^^ function or associated item not found in `BIP32Path`
[INFO] [stdout]    |
[INFO] [stdout]    = help: items from traits can only be used if the trait is in scope
[INFO] [stdout] help: the following trait is implemented but not in scope; perhaps add a `use` for it:
[INFO] [stdout]    |
[INFO] [stdout] 1  | use std::str::FromStr;
[INFO] [stdout]    |
[INFO] [stdout] 
[INFO] [stdout] 
[INFO] [stdout] error: aborting due to 2 previous errors
[INFO] [stdout] 
[INFO] [stdout] 
[INFO] [stdout] For more information about this error, try `rustc --explain E0599`.
[INFO] [stdout] 
[INFO] [stderr] error: build failed
[INFO] running `Command { std: "docker" "inspect" "b60c7c72095181ad9ca029d14ef310d5581142685f061c3c8b1df2b684942098", kill_on_drop: false }`
[INFO] running `Command { std: "docker" "rm" "-f" "b60c7c72095181ad9ca029d14ef310d5581142685f061c3c8b1df2b684942098", kill_on_drop: false }`
[INFO] [stdout] b60c7c72095181ad9ca029d14ef310d5581142685f061c3c8b1df2b684942098
